mainder when l is divided by 4.
2
Let y(s) = -14*s - 131. Suppose -30 - 5 = -5*l. Let j(o) = -o**2 + 9*o + 3. Calculate the remainder when j(l) is divided by y(-10).
8
Suppose 6 + 21 = 2*a + 3*x, -4*x + 8 = -2*a. Let s = 12 + -4. Let i = s + a. Calculate the remainder when i is divided by 5.
4
Suppose 0*n = -n + 3. Suppose -2*l + 18 = -3*g + 4, 27 = n*l - 3*g. What is the remainder when 22 is divided by l?
9
Suppose -3*u + 2*k + 139 = -2*k, 0 = 5*k + 20. What is the remainder when 161 is divided by u?
38
Suppose -3*k = -5*j + k + 20, -3*j - 4*k = -44. Suppose 0 = 7*q - j*q + 24. What is the remainder when q is divided by 14?
10
What is the remainder when 168/6 - (-2)/(-4)*0 is divided by 19?
9
Suppose 13*d - 1387 = -6*d. Calculate the remainder when d is divided by 19.
16
Let a(d) = d**2 + d - 9. Let f = 20 + -13. What is the remainder when a(f) is divided by 12?
11
Let q = 36 + -32. Suppose -2*w - 26 = -3*d, -9*d + q*d + 5*w = -35. What is the remainder when 57 is divided by d?
9
Suppose 31*y - 55 = 20*y. Suppose -2*p = -s + 2 + 3, -4*p - s = -5. Let n = p - -14. What is the remainder when n is divided by y?
4
Let a(j) = j**3 + 7*j**2 - 5*j - 6. Suppose -m - 12 = -2*m. What is the remainder when a(-5) is divided by m?
9
Let q(v) = 16*v - 20. Let y be q(8). Suppose 0 = 7*m - 11*m + y. Calculate the remainder when 187 is divided by m.
25
Suppose 0*j - 16983 = -37*j. Calculate the remainder when j is divided by 20.
19
Suppose -d - d = -100. Suppose -2*p = 3*p - d. Let b = p - -9. What is the remainder when b is divided by 5?
4
Suppose 2*m + 4 = 4*m. Suppose x - 1 = m. Suppose -x*f + 0 = 6, -74 = -2*i - 3*f. Calculate the remainder when i is divided by 11.
7
Let j(c) = c**3 + 6*c**2 - 10*c + 11. Calculate the remainder when 496 is divided by j(-6).
70
Let t = -28 - -74. Suppose -4*u = -6*u + t. Calculate the remainder when 45 is divided by u.
22
Suppose -5*l = -l + 12. Let r(p) be the first derivative of -3*p**2 + 9*p - 6. Calculate the remainder when r(l) is divided by 7.
6
Let m be (-20)/(-4 - -1 - -1). Let j(t) = 2*t**2 - 15*t + 8. Suppose 3*x - 23 = 22. What is the remainder when j(m) is divided by x?
13
Suppose 18*x - 2370 = -12*x. Suppose 38 = 2*f - 2. What is the remainder when x is divided by f?
19
Let n = 980 - 952. What is the remainder when 414 is divided by n?
22
Let r(a) = 15*a**2 - 6*a - 9. Calculate the remainder when r(-2) is divided by 16.
15
Suppose 10*b + b = 231. What is the remainder when 61 is divided by b?
19
Suppose -u + 287 = -3*t, -8*u = -3*u + 4*t - 1340. What is the remainder when u is divided by 25?
22
Let x = 12 - 6. Suppose x*y - y + 2*g = 154, -5*g = 5*y - 160. What is the remainder when 88 is divided by y?
28
Let j = 52 - 41. Suppose j*f - h - 64 = 8*f, -2*h = -4*f + 86. What is the remainder when 39 is divided by f?
18
Suppose -2*z = 3*z + 65. Let k = 18 + z. What is the remainder when k is divided by 2?
1
Suppose -6*m + 520 = 46. What is the remainder when 153 is divided by m?
74
Suppose 0 = 74*w - 79*w + 30. Let o = -35 - -86. Calculate the remainder when o is divided by w.
3
Let k = -268 - -308. What is the remainder when k is divided by 25?
15
Calculate the remainder when -2 + (-6045)/(-20) + 12/16 is divided by 16.
13
Let q(x) = -18 - 3*x + 23*x + 22. Let a be q(6). Suppose -4*h + 20 = -a. Calculate the remainder when h is divided by 13.
10
Let m = 6 + -3. Suppose -16 = -m*g + 29. What is the remainder when 23 is divided by g?
8
Let s be (10/(-4) - -3)*0. Suppose o + 4*q - 1 = -7, 0 = 4*o - 5*q - 39. Calculate the remainder when o is divided by 0/(-2 + s) - -4.
2
Let v(z) = 2*z + 10. Let q be 23*(2 + (0 - 1)). Let c = q - 20. What is the remainder when 28 is divided by v(c)?
12
Suppose 3*t - 2*u = 77, 6*t = 5*t - 5*u + 54. Calculate the remainder when 463 is divided by t.
28
Let a(x) be the first derivative of x**3 + 11*x**2/2 + 25*x + 21. Calculate the remainder when 55 is divided by a(-4).
26
Let g = 139 + -62. What is the remainder when g is divided by (-30)/(-12)*((-15)/(-150))/((-1)/(-52))?
12
Let i(y) = y**3 + 7*y**2 - 10*y - 21. What is the remainder when i(-6) is divided by 16?
11
Let h(k) = 2*k**2 + 5*k + 2. Suppose 0 = 6*p - 4*p - 10. Suppose -p*q - 4*g + 8 = 0, 0*q - 4*g - 20 = -2*q. What is the remainder when h(-3) is divided by q?
1
Suppose -2*a = -3*l - 37, l = 4*a + 3*l - 34. Suppose 0 = 3*r + 3*v - 5 - 13, -2*r - 4 = -2*v. What is the remainder when a is divided by r?
1
Suppose 13*k - 759 = -109. Suppose 52*m - k*m = 52. What is the remainder when 99 is divided by m?
21
Suppose -6*n = -5*n - 79. What is the remainder when n is divided by (10 + -4)/(4/18)?
25
Suppose -s - 3*x - 2*x + 32 = 0, 4*x = s - 23. Let z = -101 - -116. What is the remainder when s is divided by z?
12
Let k = -853 - -852. Let o = -27 - -47. Let a = k + o. Calculate the remainder when a is divided by 11.
8
Suppose -5*u = -0*p - 2*p, -35 = -5*u - 5*p. Suppose 0 = -u*t + 26 - 4. Calculate the remainder when t is divided by 4.
3
Let f(q) = q**2 + 9*q - 4. Let y be f(-10). Suppose 11*k = y*k + 275. Calculate the remainder when k is divided by 19.
17
Suppose -31*v + 21*v + 210 = 0. Calculate the remainder when v is divided by 12.
9
Let l(f) = -4*f - 5 + 1 + f**2 + 0. Let o = 14 - -15. Calculate the remainder when o is divided by l(6).
5
Let h(p) = -p**3 - 14*p**2 - 11*p + 21. Let z be h(-13). Let s(m) = m**2 + 1 - 4 - 7. What is the remainder when 28 is divided by s(z)?
13
Let t(y) = y**2 + 8*y + 13. Let f be t(-7). Suppose -f*x + x = -55. What is the remainder when x is divided by 7?
4
What is the remainder when ((-1101)/(-12))/((-11)/(-44)) is divided by 46?
45
Let g be 6/9*165/10. Let r = 3 + g. What is the remainder when r is divided by 4?
2
Suppose 10*g - 24*g + 574 = 0. What is the remainder when 203 is divided by g?
39
Let i(f) = f**3 - 9*f**2 + 11. Let b be i(9). Let u = b - 7. Suppose -3*y + 58 = -2*v, 21 + 7 = 3*y + u*v. What is the remainder when y is divided by 9?
7
Let o(w) = w**2 + 5*w. Suppose -4*m = -5*p - m + 300, 5*p - 280 = -m. What is the remainder when p is divided by o(-6)?
3
Suppose 3*h - 30*h = -13068. What is the remainder when h is divided by 35?
29
What is the remainder when (106 - -7) + (-5)/(-2 + 3) is divided by 14?
10
Suppose 0 = -71*f + 68*f + 12. Suppose -20 = -f*i, -4*r = -3*i - i - 752. Calculate the remainder when r is divided by 39.
37
Let s(i) = 2*i**2 - 47*i + 448. What is the remainder when s(15) is divided by 49?
46
Let k(n) = -n**2 + 3*n + 1. Let x be k(-2). Let m = 25 + x. What is the remainder when 31 is divided by m?
15
Let i(w) = 2*w**2 + 8*w - 12. Let v be i(-5). Calculate the remainder when 42 is divided by (-18 - 1)*-1 - (-6)/v.
10
What is the remainder when 134 is divided by (15/(-6)*918/(-45))/3?
15
Let u(z) = -6 + 7*z**2 + z - 6*z**2 - z**3 + z**2. Let o be u(3). Let q = 27 + o. What is the remainder when 41 is divided by q?
11
Suppose 0 = -q + 4*z + 79, 196 = 2*q - 4*z + 50. Calculate the remainder when q is divided by 35.
32
Let h = 146 - 91. What is the remainder when h is divided by (8/10)/((-18)/(-90)) - -9?
3
Let f = 1044 + -1018. Suppose -17 = -4*p + 7. Calculate the remainder when f is divided by p.
2
Suppose 13*m - 405 - 5133 = 0. What is the remainder when m is divided by 13?
10
Let n be -2 + 1*(12 + -5) + 4. Let j = 23 - 5. What is the remainder when n/j + 10/4 is divided by 3?
0
Suppose 3*h + 5*n + 6 = 18, 4*h + n = 16. Suppose -h*v + 3*v = -171. Let f = -116 + v. What is the remainder when f is divided by 19?
17
Suppose -4*z - 11 = 9, -4*z = -4*d + 36. Let c = 8 - 3. What is the remainder when c is divided by d?
1
Suppose 2*o + 4*j - 284 = 0, -19*j + 568 = 4*o - 21*j. Calculate the remainder when o is divided by 31.
18
Let d(m) be the third derivative of m**5/30 + m**4/12 - 3*m**3/2 + 2*m**2. Let k be d(5). Let h = k - 28. Calculate the remainder when 89 is divided by h.
20
What is the remainder when 72/(-20)*(160/(-12))/2 is divided by 18?
6
Let x be (312/18)/(2/18). Suppose -2*q - x = -5*q. Let c = q - 31. What is the remainder when 40 is divided by c?
19
Let q be (-6)/4 + (-7)/(-2). Let c(y) = 64*y - 18. Let m be c(5). Suppose -5*a = q - m. Calculate the remainder when a is divided by 16.
12
Suppose 6*u - 3*u - 105 = 0. Let s = 1668 + -1659. Calculate the